3 prime?
True
Is 1899797 prime?
True
Is 38461 prime?
True
Is 1337251 composite?
True
Is 784219 composite?
False
Is 2099 prime?
True
Is 12097 a prime number?
True
Is 114269 composite?
False
Is 112787 composite?
False
Is 13049 composite?
False
Is 110807 a prime number?
True
Is 15227 a prime number?
True
Is 137695 prime?
False
Is 38639 prime?
True
Is 109883 a prime number?
True
Is 4321 a prime number?
False
Is 257069 a composite number?
False
Is 985 a prime number?
False
Is 27073 a composite number?
False
Is 13841 composite?
False
Is 189781 prime?
False
Is 79967 a prime number?
True
Is 907 a prime number?
True
Is 2751395 composite?
True
Is 1439 a composite number?
False
Is 67503 composite?
True
Is 7669 a prime number?
True
Is 214411 prime?
False
Is 61703 a prime number?
True
Is 6029 prime?
True
Is 985309 a prime number?
False
Is 136447 a composite number?
False
Is 1959365 a composite number?
True
Is 186997 a prime number?
False
Is 3827 a prime number?
False
Is 377 a composite number?
True
Is 40583 prime?
True
Is 9293 composite?
False
Is 581729 a composite number?
False
Is 3 a prime number?
True
Is 8053 a prime number?
True
Is 241694 prime?
False
Is 60199 composite?
True
Is 21517 a prime number?
True
Is 6467 a composite number?
True
Is 10877 a prime number?
False
Is 78143 a composite number?
True
Is 153991 prime?
True
Is 135553 prime?
False
Is 31315 a composite number?
True
Is 72671 a prime number?
True
Is 570329 a prime number?
True
Is 1561 a prime number?
False
Is 12893 a prime number?
True
Is 6599 prime?
True
Is 3389 prime?
True
Is 627071 composite?
False
Is 703531 composite?
False
Is 82893 a composite number?
True
Is 22613 composite?
False
Is 37753 prime?
False
Is 1259 prime?
True
Is 23447 a composite number?
False
Is 11987 a prime number?
True
Is 15629 composite?
False
Is 93 prime?
False
Is 6037 a prime number?
True
Is 38091 a composite number?
True
Is 288647 a composite number?
False
Is 30671 prime?
True
Is 29333 prime?
True
Is 22 a prime number?
False
Is 218171 a composite number?
False
Is 16823 composite?
False
Is 91121 prime?
True
Is 19373 a composite number?
False
Is 28383 a prime number?
False
Is 1865909 a prime number?
False
Is 35729 prime?
True
Is 304049 a composite number?
False
Is 4967 a prime number?
True
Is 34115 a prime number?
False
Is 1081901 a prime number?
True
Is 67385 a prime number?
False
Is 53857 prime?
True
Is 380407 a prime number?
False
Is 586 a prime number?
False
Is 1139 composite?
True
Is 4258 composite?
True
Is 10211 a prime number?
True
Is 560062 a composite number?
True
Is 4957 a prime number?
True
Is 14387 a composite number?
False
Is 3959 composite?
True
Is 269593 a prime number?
False
Is 19561 a composite number?
True
Is 306149 a composite number?
False
Is 27718 prime?
False
Is 1082 composite?
True
Is 200771 a composite number?
False
Is 21913 composite?
True
Is 74597 a prime number?
True
Is 512843 a prime number?
True
Is 125702 prime?
False
Is 11413 prime?
False
Is 1057479 a prime number?
False
Is 83767 a composite number?
True
Is 144151 prime?
False
Is 116647 a composite number?
True
Is 29377 composite?
True
Is 11593 composite?
False
Is 901 composite?
True
Is 133097 composite?
False
Is 7639 a composite number?
False
Is 13439 prime?
False
Is 10279 prime?
False
Is 3193 composite?
True
Is 124933 a composite number?
True
Is 1514701 a prime number?
True
Is 460111 a prime number?
True
Is 94861 a composite number?
True
Is 977761 composite?
False
Is 4241603 prime?
True
Is 500513 composite?
True
Is 1076633 composite?
True
Is 124529 a prime number?
True
Is 484433 prime?
False
Is 354743 prime?
True
Is 4673 prime?
True
Is 97049 a prime number?
False
Is 18933 a composite number?
True
Is 63059 a prime number?
True
Is 63251 a prime number?
False
Is 719 a composite number?
False
Is 1983 a composite number?
True
Is 6081 a composite number?
True
Is 66281 composite?
True
Is 103361 prime?
False
Is 835589 a composite number?
True
Is 9953 prime?
False
Is 6547 prime?
True
Is 29765 prime?
False
Is 5273 a composite number?
False
Is 195727 prime?
False
Is 2291 prime?
False
Is 164089 a composite number?
False
Is 61001 composite?
False
Is 247045 a composite number?
True
Is 2923 a composite number?
True
Is 25717 prime?
True
Is 24631 prime?
True
Is 800719 prime?
False
Is 823337 a composite number?
False
Is 1388999 a prime number?
False
Is 24577 composite?
True
Is 199339 prime?
False
Is 3261 prime?
False
Is 9569 composite?
True
Is 2080769 composite?
True
Is 35951 a prime number?
True
Is 5006 prime?
False
Is 5127 a prime number?
False
Is 9289 prime?
False
Is 172097 a composite number?
False
Is 45743 a prime number?
False
Is 7162397 prime?
False
Is 15191 composite?
True
Is 215531 a composite number?
False
Is 2048711 prime?
False
Is 301 a prime number?
False
Is 2521 a composite number?
False
Is 81841 prime?
False
Is 484105 prime?
False
Is 2923 a composite number?
True
Is 533069 composite?
True
Is 99967 composite?
True
Is 2721 a prime number?
False
Is 26519 a prime number?
False
Is 705389 a composite number?
False
Is 13641 prime?
False
Is 82343 a prime number?
False
Is 38393 a prime number?
True
Is 1751231 composite?
False
Is 16574 a prime number?
False
Is 903389 prime?
True
Is 662933 a prime number?
False
Is 669707 prime?
True
Is 35591 composite?
False
Is 5897 a composite number?
False
Is 312377 composite?
True
Is 677357 composite?
False
Is 47621 a composite number?
True
Is 1219 a prime number?
False
Is 1973 composite?
False
Is 31667 a prime number?
True
Is 130627 composite?
True
Is 3214 prime?
False
Is 2545123 a prime number?
False
Is 11657 prime?
True
Is 16349 a composite number?
False
Is 9799 composite?
True
Is 31681 a composite number?
True
Is 7753 a composite number?
False
Is 284815 a prime number?
False
Is 1619 prime?
True
Is 1066595 composite?
True
Is 16049 a composite number?
True
Is 62747 composite?
True
Is 11357 prime?
False
Is 3989 a composite number?
False
Is 17691 a composite number?
True
Is 32066 prime?
False
Is 1760873 a prime number?
True
Is 791 a prime number?
False
Is 616579 prime?
True
Is 2797 prime?
True
Is 1207 a composite number?
True
Is 1439 prime?
True
Is 18101 composite?
True
Is 60181 composite?
True
Is 2285 a composite number?
True
Is 407306 a prime number?
False
Is 479971 a prime number?
True
Is 365 composite?
True
Is 8461 a prime number?
True
Is 75643 prime?
False
Is 3171277 composite?
False
Is 7789 composite?
False
Is 26479 a composite number?
False
Is 92553 composite?
True
Is 280337 prime?
True
Is 538865 composite?
True
Is 33479 prime?
True
Is 18829 composite?
True
Is 653 prime?
True
Is 424481 a prime number?
True
Is 2455073 composite?
True
Is 967 composite?
False
Is 18329 a prime number?
True
Is 217583 a composite number?
True
Is 172361 a prime number?
False
Is 245001 a composite number?
True
Is 69009 composite?
True
Is 341611 prime?
False
Is 100001 a composite number?
True
Is 74653 prime?
True
Is 690757 prime?
True
Is 587 a composite number?
False
Is 81281 composite?
False
Is 5209 prime?
True
Is 4201 a composite number?
False
Is 8923 prime?
True
Is 8659 prime?
False
Is 23093 prime?
False
Is 487301 a composite number?
True
Is 3771715 a prime number?
False
Is 2003 composite?
False
Is 24481 a prime number?
True
Is 26913 prime?
False
Is 232663 a prime number?
True
Is 1343 prime?
False
Is 767021 composite?
True
Is 40021 a composite number?
True
Is 59309 a composite number?
True
Is 34951 composite?
True
Is 43897 a prime number?
False
Is 591827 composite?
False
Is 160253 composite?
False
Is 948719 composite?
True
Is 52963 a prime number?
True
Is 849917 composite?
False
Is 78779 a composite number?
False
Is 1663457 a prime number?
True
Is 24289 a prime number?
False
Is 219119 a composite number?
False
Is 211277 prime?
False
Is 2657 a prime number?
True
Is 132269 prime?
False
Is 4822 a prime number?
False
Is 41037 composite?
True
Is 7117 a prime number?
False
Is 237 composite?
True
Is 141041 a prime number?
True
Is 3793 composite?
False
Is 200537 a prime number?
False
Is 3437 composite?
True
Is 10207 composite?
True
Is 400823 prime?
True
Is 5891 a composite number?
True
Is 573 composite?
True
Is 9481 prime?
False
Is 100699 a prime number?
True
Is 470901 a prime number?
False
Is 3109 prime?
True
Is 60311 composite?
